7
Let m(o) = o**3 + 74*o**2 - 143*o**2 + 78*o**2 - 2 + 0 - 2*o**3 - 18*o. What is m(6)?
-2
Let n(i) = 26*i**2 + 86*i + 10. Let f be n(-3). Let o(h) = -2*h**2 - 34*h - 66. Determine o(f).
18
Let z(a) = -2*a**2 - a - 1. Let p be ((-1)/1)/(4/(-112)). Let v = p - 23. Let y be (72/(-90))/(2/v). Calculate z(y).
-7
Let o = -1995 + 1989. Let g(h) = h**3 + 8*h**2 + 7*h + 8. Determine g(o).
38
Let k(n) = -n**2 + 4*n + 5. Let w be 207/15 - (-40)/(-50). Let s be 1/2*1*(w + -3). Calculate k(s).
0
Let d(s) = -481*s - 481*s + 1928*s - 480*s + 11 - 484*s. Let o be 6/(-2)*39/(-9). Determine d(o).
37
Let i(m) = -54 + 180 + 4*m + m**2 - 49 + 8*m - 52. Give i(-14).
53
Let x(k) = -k**3 + 5*k**2 - 2*k + 11. Let u be x(5). Let p = 1 + 7. Let q be p/(-24) + u/3. Let y(f) = f - 7. Calculate y(q).
-7
Let z be 1/(-6 + (-18)/6 + 8). Let t(l) = 3*l**2 - l - 1. Let v be t(z). Let j(m) = 2*m**2 - 4*m + 2. Give j(v).
8
Let p = 69370 - 69368. Let s(z) = -2 + 5*z + z + 5*z**2 - 5*z. What is s(p)?
20
Suppose 55*a = -7*c + 53*a, 5*c + 3*a = 0. Let l(n) = n**2 + 38*n. Determine l(c).
0
Let t(n) = -2*n**3 + 38*n**2 - 143*n - 73. Let d(c) = -5*c**3 + 115*c**2 - 396*c - 218. Let q(h) = -3*d(h) + 8*t(h). Calculate q(-42).
-14
Let g(x) = -x. Suppose -3 = 3*m - 2*i, -2 - 1 = 3*m + i. Let u(l) = l**2 - 14*l + 30. Let h be u(12). Let k be (1 - m)/(8 - 4 - h). What is g(k)?
1
Let m(c) be the second derivative of 5*c**4/12 - 61*c**3/6 - 31*c**2 - 9706*c. Calculate m(-1).
4
Let q(d) = 13*d + 4 + 4 - 3*d**3 + 1 + 11*d**2 + 4*d**3. Suppose 3*t + 5*w = -40, 3*w + 26 = -5*t + 3*t. Determine q(t).
-21
Let p(x) = -3*x**3 + 4*x**3 - 2*x**3 + 315*x - 269*x - 39*x**2 + 58 - 45*x. Calculate p(-39).
19
Let j(h) = -h**3 - 7. Let b(n) = 3*n**3 - 32*n**2 - 2*n - 7. Let y be b(10). Let t = 227 + y. Determine j(t).
-7
Let a(n) = -n**2 + 17*n - 61. Let x be a(11). Suppose 5*k - 4*j = 2 + 3, 0 = k + x*j - 30. Let s(m) = 3*m - 15. What is s(k)?
0
Suppose -36 = 6*b - b + 2*d, 4*d = b - 6. Let w(a) be the first derivative of -a**2 + 402. Calculate w(b).
12
Let u(x) = -8*x - 5. Let p(v) = v**2 - 2*v - 1. Let t = -112 + 118. Suppose 4*l + 3*a = 16, -t*a = -l - 7*a + 4. Let z(y) = l*p(y) - u(y). What is z(1)?
5
Let w = 48 + -48. Suppose w = 5*i - 21 - 14. Let g(n) = 8*n - 1 - i*n**2 + 11 - 12*n**3 + 11*n**3. Give g(-8).
10
Let p(w) = -w**2 - 12*w + 15. Let m = -415 + -405. Let l = m + 806. Calculate p(l).
-13
Let q = -7193 + 7194. Let g(y) = 49*y**2 - y + 1. Determine g(q).
49
Let a(y) = 798*y - 15 - 4*y**2 + 9*y**2 - 3*y**3 - 797*y. Let o(c) = -5*c**3 + 9*c**2 + 2*c - 29. Let q(d) = -7*a(d) + 4*o(d). What is q(0)?
-11
Let q be (-2)/((-335)/(-65) - ((3 - -4) + -2)). Let g(i) = -i + 26. What is g(q)?
39
Let q(b) be the second derivative of -17/20*b**5 - 4*b + 1/2*b**2 - 1/6*b**3 + 0 - 1/12*b**4. Let u = 118 - 117. What is q(u)?
-18
Let h(r) be the third derivative of -r**6/24 + 19*r**4/24 - 5*r**3/3 + 9*r**2. Let p(s) = 4*s**3 + s**2 - 17*s + 9. Let d(g) = -5*h(g) - 6*p(g). Determine d(5).
6
Let t(y) be the second derivative of -y**3/3 + 3*y**2 + 3*y. Let d(v) = -v**3 - 22*v**2 - v + 40. Let q be d(-22). Suppose -q = -x - 57. What is t(x)?
-4
Let i = 11 + -40. Let x = 14 + i. Let r(h) = -h**3 - 14*h**2 + 15*h + 1. Give r(x).
1
Let h(w) = -75*w - 306. Let c be h(-4). Let m(u) = -u**2 - 10*u - 21. Give m(c).
3
Let z(c) = c**3 + 2*c**2 - 3*c - 5. Let d be z(-2). Let x be 10/6*(4 - d). Let a(q) = 3*q + 2 + 12 - x - 2*q. Give a(-5).
4
Let j(x) = 3*x - 24. Suppose b + 470 = -y + 478, -b + 23 = 4*y. What is j(y)?
-9
Let n(k) = 17 + 167*k - k**3 - 4 + 0*k**3 - 155*k - 10*k**2. Calculate n(-11).
2
Let p(s) = -9 + 38*s**2 - 15*s**2 + 13 + 10 + 4*s - 19*s**2 + s**3. Determine p(-4).
-2
Let h(a) = -5*a**2 - 2*a + 1. Suppose 2*k - 7*k = 15, -2*d + 2*k = -400. Let n = 68 - d. Let i = n - -127. Calculate h(i).
-15
Suppose 2*g = t - 0*g - 686, 2*g = -5*t + 3430. Let x = -692 + t. Let q(k) = -2*k - 7. Give q(x).
5
Let c(l) = 17*l - 3. Let t be c(1). Let n be 4/(-3)*(-105)/t. Let j(q) = -3*q + 27. Let z be j(n). Let x(g) = g**2 + 4*g + 2. Calculate x(z).
-1
Let s(u) be the second derivative of -11*u**5/20 - u**4/3 + 7*u**3/6 - 5*u**2 + 98*u. Let c(t) = 2*t**3 + t**2 - t. Let h(q) = 5*c(q) + s(q). Calculate h(0).
-10
Let t = 192 + -188. Let l(p) = p**3 + 4*p**2 + 2*p + 3. Let r(n) = -n**3 - 6*n**2 - 2*n - 4. Let c(o) = t*r(o) + 5*l(o). Calculate c(2).
-5
Suppose -3*c = 2*i - 19, -14 = 3*c - 5*i + 2. Let b(m) be the third derivative of -m**4/24 - m**3/3 + 105191*m**2. What is b(c)?
-5
Let c(t) = -22*t - 153. Let h(r) = 4*r + 31. Let y(b) = c(b) + 5*h(b). Suppose 3 = -0*v - v. Let f(o) = o + 5. Let n be f(v). Determine y(n).
-2
Let h(p) = -p**2 + p + 68. Let l = 4914 - 4922. Determine h(l).
-4
Let j(i) = 9*i**2 - 7*i + 1. Let r(d) = d**2 - d - 2*d**2 + 2*d**2. Suppose -35 - 25 = 10*k. Let v(w) = k*r(w) + j(w). Give v(1).
3
Let o(g) = 6*g - 6. Let q(w) = -w. Suppose 2*j - 29 = -5*u, 3*u - j - 18 = -u. Let x(s) = u*q(s) + o(s). Give x(8).
2
Let h(k) = -k**2 - 7*k + 5. Let c be h(-7). Let v(p) = -6 + 9 - c*p**2 + 1 + 6*p**2 - 5*p. Suppose 5*m - 25 = -0*m. Determine v(m).
4
Let q(m) = -m**3 - 28*m**2 - 25*m + 57. Let v be q(-27). Let w(h) = 28*h**2 + 0*h**3 - 21*h**2 - 14*h**2 - 17 + 11*h + h**v + 7. Give w(5).
-5
Let a be (6/(-10))/((-140)/(-4900)). Let m(x) = 8*x + 176. Determine m(a).
8
Let v(l) = -l**2 + l + 1. Let z(a) = a + 14. Let g be z(6). Suppose -10*x + 6*x = -g. Suppose x*c = -4*j - 3 - 4, 4*j = c + 11. Determine v(j).
-1
Let x(m) = 2*m**2 + 5*m + 6. Let f be x(-2). Suppose d - 77 = 2*c - 32, f*d = 2*c + 192. Let o(z) = -2 - 19*z - 25*z + d*z. Calculate o(-3).
-17
Let s(l) be the first derivative of -l**4/4 - 4*l**3/3 - 7*l**2/2 - 22*l - 1705. What is s(-4)?
6
Let m be (469/(-134))/((2/44)/(-1)). Let u(a) = 79 - m + 4*a + a**3 - 6*a. Determine u(2).
6
Let a(w) = -5*w**3 + 47*w**2 + 260*w - 332. Let t be a(13). Let x(q) = 0 + 1 + q**3 + 0 - 6*q**2. Determine x(t).
1
Let t(q) be the second derivative of q**5/20 - q**4/3 - 5*q**3/6 + q**2 - 251*q - 1. What is t(-3)?
-46
Let z be -8 + 13 + 0/(-2). Let q(o) = -2*o + 14 - z*o + 4*o + 7*o - o**2. Determine q(6).
2
Let z(f) = 2*f + 52. Let r be z(-14). Suppose -7*n + r = -13*n. Let a(h) = 5*h - 2. Let j(b) = -5*b + 3. Let y(x) = -6*a(x) - 5*j(x). Give y(n).
17
Let x(g) = -g - 790194 - 3*g + 790253. Determine x(15).
-1
Let w(j) = j**3 + 7*j**2 + 18*j + 36. Let r be w(-5). Let b(s) = -2*s**3 - 358 + s**3 - 5*s**2 - 7*s + 353. Calculate b(r).
7
Suppose 2*t - 2*r = 0, t + 12 = -0*r - 3*r. Let h be 8 + (5 + -5)/t. Let m(q) = -3*q - 1. Determine m(h).
-25
Let x(n) be the first derivative of 5*n**2/2 - 11*n + 48039. Let s = -4 + 8. What is x(s)?
9
Let j(t) = 14*t + 224. Let z(k) = -17*k - 248. Let p(r) = -4*j(r) - 3*z(r). Calculate p(-34).
18
Let q(n) = -2*n - 3. Let y(d) = 5*d + 9. Let p = 630 + -622. Let f(h) = p*q(h) + 3*y(h). Let w be (6/(-4))/(1/2). What is f(w)?
6
Suppose -27*d = -22*d - 15. Let h(g) = 2*g + d*g + 2 + 5*g**3 + 5*g**2 - 9*g**3 + 5*g**3. Give h(-4).
-2
Suppose -20*d - 22*d = -56*d + 70. Let o(x) = -x**3 + 16*x + 2*x**2 - 4 + 2*x**2 - 11*x. Calculate o(d).
-4
Let n(y) be the second derivative of y**5/20 - y**4/2 + 7*y**2/2 - 20*y + 1. Give n(2).
-9
Let n(b) = -b**2 + 7*b - 1. Let v be ((1 - -1) + 0)/(34/(-306)). Let x = v + 38. Suppose 6*j + x = 62. Determine n(j).
-1
Let w(a) = 19*a**2 + 2*a + 1. Suppose -4*x + 0 = -20. Suppose 0 = -x*v + 13 + 2. Let n be ((-6)/(-7))/v + 72/(-56). What is w(n)?
18
Let z be 14 + 140*21/105. Let a(s) = 4*s - 162. Give a(z).
6
Suppose -7*d + 54 = -27 + 60. Let m(g) = -5*g**2 + 2*g + 3. Calculate m(d).
-36
Suppose 0*a + a + 1 = 0. Let b(n) = 102*n**2 - 14*n + 63. Let k(d) = -38*d**2 + 5*d - 23. Let r(q) = 4*b(q) + 11*k(q). Calculate r(a).
-10
Let a(l) be the third derivative of -l**6/360 - l**5/30 - l**4/4 + 9*l**3 + 33*l**2 - l. Let v(d) be the first derivative of a(d). Give v(-5).
-11
Let n(w) = -2*w**2 - 5*w - 9. Let k = 7445 + -7448. Give n(k).
-12
Let p(i) be the second derivative of -i**6/144 - 7*i**4/12 - i**2 - 17*i. Let j(y) be the third derivative of p(y). What is j(3)?
-15
Let o(z) = 0*z + 2*z + 2 + z + 2*z**2. Let l(n) = -6*n. Let v be l(0). Suppose 5*r = 2*w + 4, 3*w = -v*w - r - 6. Determine o(w).
4
Let q(o) = -o**2 - 16*o 